1
Let r be 11/4 + (-4)/((-48)/(-9)). Suppose 5*d - r*w - 11 = -3*w, d = 4*w - 2. Let s(o) = 1 + 2*o**d - 121*o + 121*o + o**3. What is s(-2)?
1
Let t(w) = w**3 - 11*w**2 + 11*w - 10. Let k(y) = -4*y - 1. Let x be k(19). Let j = x + 111. Let c = j + -24. Calculate t(c).
0
Let u be 4/((-36)/219) + (-10)/6. Let t = u - -21. Let w(i) = -i - 7. Give w(t).
-2
Suppose 8 = 2*w + 2. Let v be -1*4/(-6) - (-7)/w. Let o(r) = 36*r - r**v - 80*r + 43*r. Give o(0).
0
Suppose 2*d + 3*y + y - 88 = 0, 2*d = 2*y + 100. Suppose 2*h = -6*h - d. Let j(k) = 150*k**2 - 4*k + 0*k**3 + 7 + k**3 - 145*k**2. Give j(h).
-5
Let c(l) = -4*l + 3. Let t be (0 - (-5)/5)*20. Suppose t*m + 105 - 5 = 0. Give c(m).
23
Let o(u) = -4 + 13 - 2*u + 7 + 4. Let y(i) = 9*i**2 - 113*i - 41. Let s be y(13). Determine o(s).
-2
Let z be (-2)/(-2)*((54 - 43) + -13 + 1). Let w(b) be the first derivative of -1 - 3/2*b**2 - b - 1/3*b**3. Give w(z).
1
Let y(a) be the first derivative of 23*a**2/2 + 155*a - 14753. What is y(-7)?
-6
Let h(t) = 2*t + 6. Let d be h(-3). Let y = -212 + 238. Let q(k) = -58*k + 33*k + y*k - 4. What is q(d)?
-4
Let x(m) be the third derivative of -m**6/120 + 3*m**5/20 + m**4/4 + 3*m**3/2 - 582*m**2 - 2*m + 2. Give x(10).
-31
Let b = 24 + -366. Let y = b + 343. Let p(j) = -11*j**3 + 2*j - 1. Calculate p(y).
-10
Suppose 73 = 5*c + 13. Let t(f) = -f**3 + 11*f**2 + 16*f - 54. Give t(c).
-6
Suppose -2*r = -b + 8, 20 = 13*r - 18*r - 4*b. Let m(z) = z**3 + 2*z**2 + 17. Calculate m(r).
-15
Let u(n) = -29*n + 54. Let w(c) = 70*c - 109. Let d(a) = 7*u(a) + 3*w(a). What is d(-7)?
2
Let b(y) be the first derivative of y**4/12 - y**3 - 3*y**2/2 + 6*y + 13. Let s(c) be the first derivative of b(c). Suppose 8*f - 5*f = 12. Calculate s(f).
-11
Suppose 0 = o - 2, 0 = 5*v + 11*o - 9*o - 29. Let z(y) be the second derivative of -y**5/20 + y**4/4 + 5*y**3/6 - 2*y**2 - 84*y. Give z(v).
-29
Let w(z) be the third derivative of 3*z**4/4 - 5*z**3/6 - 1720*z**2. Determine w(-4).
-77
Let c(w) be the third derivative of -w**5/60 + w**4/6 - 2*w**3/3 + 2*w**2. Let j = 19743 - 19738. Determine c(j).
-9
Let q(z) = -6*z**2 - 2*z + 1. Suppose -92 = 15*j - 20*j - 2*k, 41 = 2*j + 5*k. Let r be (104/10)/(-13) + j/10. Calculate q(r).
-7
Let p(o) = 11*o + 18. Let l be 244/(-2562) + 6/63. Determine p(l).
18
Let q = -40 + 41. Let f(p) be the first derivative of -23*p**4/4 + p**2/2 - p + 118. Give f(q).
-23
Let b(r) be the first derivative of -r**3/3 + 5*r + 9521. Calculate b(-8).
-59
Let r(i) = i**2 + 19*i + 49. Let p be (3 - 13/3)*3. What is r(p)?
-11
Let l(a) = -a**3 + 6*a**2 - 3*a + 21. Let o be l(6). Let c(f) = f**2 - 2*f - 7. What is c(o)?
-4
Suppose 20 = 6*s + 4*s. Suppose 3*d + 4*o + 22 = 0, -7 - 1 = d + s*o. Let h(g) = g**2 + 5*g + 9. Determine h(d).
15
Let w(z) = -z**3 + 29*z**2 + z - 33. Let m(y) = -7*y**2 - 132*y + 48. Let h be m(-19). Determine w(h).
-4
Let b(l) = -4*l**3 - 12*l**2 + 9*l - 1. Let w(x) = x**3 + x**2 - 1. Let r(o) = b(o) + 5*w(o). Let z be (-672)/9 + 22/33. Let s = -68 - z. What is r(s)?
12
Let s(a) = -334*a + 1 + 0*a**2 - 4*a**3 - 3*a**2 + 334*a. Calculate s(2).
-43
Let f(u) = -8*u - 161. Let x be ((-48)/60)/((-6)/(-15)) + 76/(-4). Determine f(x).
7
Let u(t) be the first derivative of -t**3/3 - 4*t**2 - t - 16. Let l = 1447 + -1458. What is u(l)?
-34
Let p(m) = -2*m**2 + 129*m - 1170. Let y be p(11). Let r(k) = -k**3 + 8*k**2 - 3*k + 16. Give r(y).
44
Let y(h) = 4*h + 110*h**2 - 2*h**3 - 104*h**2 + h**3 + 4*h. Let w = -6 + 13. Let x be y(w). Let s(d) = -d - 2. Determine s(x).
-9
Let i(m) be the first derivative of -m**4/24 + 5*m**3/2 + 7*m**2 - 35. Let g(h) be the second derivative of i(h). Give g(8).
7
Let r(p) be the second derivative of p**4/8 - 119*p**2/2 - 21*p + 2. Let a(w) be the first derivative of r(w). Suppose 0 = -5*l - 0*l + 30. Give a(l).
18
Let j(x) = -x**3 + 2*x - 3. Let k(t) = 4*t**3 - 15*t**2 - 8*t + 41. Let m(d) = 5*j(d) + k(d). Determine m(-15).
-4
Let y(h) = -3*h + 1. Let f(c) = 1. Suppose -15 = -5*q - 0*q. Let l(p) = q*f(p) - 2*y(p). Calculate l(2).
13
Let k(m) = m**3 + m**2 - m - 2. Suppose 3*v - 5*u = -15, 14 + 1 = v + 5*u. Suppose 153 + 43 = 28*b. Suppose v = b*a + 15 - 1. Determine k(a).
-4
Let p(v) = -v**3 + 5*v + 2. Let l(u) = u**2 - 3*u - 13. Suppose -4*f = 4*f - 40. Let c be l(f). What is p(c)?
14
Let g(l) = -36*l**2 - 45*l - 37. Let i(h) = 51*h**2 + 68*h + 55. Let q(p) = 7*g(p) + 5*i(p). Give q(-8).
8
Let a(g) = 3*g**2 + 23*g + 31. Let t(q) = -28*q**2 + 389*q + 36. Let u be t(14). What is a(u)?
1
Let g(v) be the first derivative of -v**2 + 15*v - 1173. What is g(0)?
15
Let y(s) be the second derivative of s**3/6 - 2*s. Suppose -3*k - 664 = t - 684, 5*k = -5*t + 50. Calculate y(t).
5
Suppose 15 = -2*n - l, 10*n + 4*l = 8*n. Let f be -15 - n - (-2 - (2 - -4)). Let w(b) = b**3 - 4*b**2 + b + 4. Calculate w(f).
-2
Let s(g) be the third derivative of -g**8/20160 - g**7/504 + g**6/240 - 13*g**5/10 + g**4/12 - 47*g**2. Let o(y) be the third derivative of s(y). Give o(-7).
24
Let z(d) be the first derivative of -2*d**3 - 19*d**2 + 2*d + 10082. Give z(-7).
-26
Let u = 33 + -25. Let x(j) be the first derivative of 12*j + j**2 - 2*j - 1 + 7 + u. Determine x(-7).
-4
Let q(k) be the first derivative of -k**5/60 + 5*k**4/24 + 5*k**3/6 + k**2 - 3*k + 27. Let t(f) be the second derivative of q(f). Determine t(7).
-9
Let w(z) be the third derivative of z**6/120 - z**5/6 + 2*z**4/3 + z**3 + 1095*z**2. Give w(8).
6
Suppose -3*t = -5*z - 47, -66*t - 2*z - 35 = -69*t. Let d(v) = 3*v**2 - 29*v + 19. What is d(t)?
1
Let w(a) = -9 + 3*a - 3*a**2 + 0*a**2 + 4*a**2. Suppose 3*r - m = 0, 21*m - 16 = 4*r + 25*m. Let j(i) = i + 1. Let s(l) = r*j(l) - w(l). Calculate s(-6).
-4
Suppose -m = -1 - 0, -m = -4*f + 235. Let w = f + -98. Let o be 2/(-13) - (-1)/w*267. Let p(z) = z**3 + 6*z**2 - 5*z + 4. What is p(o)?
-10
Let b(r) be the first derivative of r**6/180 + r**5/40 - r**4/6 - 13*r**3/3 - 110. Let j(i) be the third derivative of b(i). Give j(-3).
5
Let z(o) = -o**3 - 13*o**2 + o + 161. Let w be z(-12). Let p(l) = 14*l - 13. Give p(w).
57
Let t(o) = 4*o + 4. Let i be 57 + (-1)/(-3 - 42/(-15)). Suppose -13*l - 3 = i. Determine t(l).
-16
Let z(p) = -6*p + 15*p - 15 - 2*p**3 + p**3 - 10*p**2. Suppose -o + 2 = -4*m - 44, 0 = 3*m - o + 35. Determine z(m).
7
Suppose -31*x + 30*x = -5. Suppose -5*t = 3*l - 22, x*t - 2*l + 12 = 7*t. Let q(o) = 7*o - o**3 - 1 + 6*o**t - 6 + 0*o**2. What is q(7)?
-7
Let n(i) = -4*i + 7. Let v(m) = -39*m + 76. Let x(o) = 58*n(o) - 6*v(o). Calculate x(20).
-10
Let p(g) be the second derivative of g**6/120 - g**4/24 - g**3/3 - g**2/2 - g. Let r(u) be the first derivative of p(u). Let y = -79732 - -79734. What is r(y)?
4
Suppose -38 - 10 = -16*z. Let h(c) = c**3 + 14*c**z - 6*c**3 - 8*c**3 + 15*c**2 + 13*c - 10. What is h(-14)?
4
Let x(a) be the second derivative of -a**5/20 + a**4/3 + a**3/6 - 3*a**2/2 - a. Let k be (8/(-7))/(38/(-11039)). Let h = -328 + k. What is x(h)?
1
Let s(f) = -85242*f + 15*f**2 + 0*f**3 + 85251*f + 1 - 2*f**3 - 10*f**2. Determine s(-2).
19
Suppose 64*z - 136 = 132*z. Let u(l) = -3*l**2 - l - 3. Give u(z).
-13
Let c(a) = -a**2 + 23*a - 23. Suppose 11*k + 53 - 174 = -4*u, 3*k - 53 = -2*u. Determine c(u).
-1
Let t(g) = 1. Let z(c) = 2*c + 3. Let y(r) = -3*t(r) + z(r). Let f(s) = -s**3 + 17*s**2 - 28*s + 827. Let k be f(18). Calculate y(k).
-2
Let t(y) = 4*y**2 + 24*y + 5. Let x(w) = -11*w**2 - 71*w - 15. Let v(j) = 17*t(j) + 6*x(j). Suppose -1035 = -85*c - 30*c. Give v(c).
-5
Let w(h) = 16*h**3 - 41*h**2 - 22*h - 154. Let u(c) = 5*c**3 - 14*c**2 - 8*c - 50. Let i(q) = 19*u(q) - 6*w(q). Determine i(-19).
-7
Let q(v) = 5*v**2 + 8*v - 146. Let w(a) = -9*a**2 - 17*a + 259. Let y(m) = 7*q(m) + 4*w(m). What is y(8)?
-146
Let z(o) = o**3 + 8*o**2 + 9*o + 6. Let t(k) = 24*k - 16. Let s be t(5). Suppose 14*x - s = 6*x. Suppose x*w = -2*w - 105. Determine z(w).
-8
Let i(v) be the first derivative of v**3/3 + 8*v**2 + 68*v - 86. Calculate i(-9).
5
Let y(d) = -19 - 85373*d + 85370*d + 45. Determine y(15).
-19
Let r(b) = -b**3 + 11*b**2. Let k be (-174)/(-16) - (13 - (-1050)/(-80)). Give r(k).
0
Suppose 0 = -r + 5*s + 33, s = -0*r + r - 29. Let j = 28 - r. Let l(q) be the second derivative of q**5/20 + q**4/12 + q**3/6 + 9*q**2/2 + 12*q. Give l(j).